{"id":305,"date":"2020-01-13T11:17:52","date_gmt":"2020-01-13T11:17:52","guid":{"rendered":"https:\/\/demosites.io\/web-agency-gb\/?page_id=5"},"modified":"2024-08-12T23:42:30","modified_gmt":"2024-08-12T23:42:30","slug":"15c42-web-agency-gb-home","status":"publish","type":"page","link":"https:\/\/danskirdagar.stykkisholmur.is\/","title":{"rendered":"Dagskr\u00e1"},"content":{"rendered":"\n<div class=\"wp-block-cover alignfull is-light\" style=\"min-height:472px;aspect-ratio:unset;\"><span aria-hidden=\"true\" class=\"wp-block-cover__background has-background-dim\"><\/span><img loading=\"lazy\" decoding=\"async\" width=\"1400\" height=\"932\" class=\"wp-block-cover__image-background wp-image-324\" alt=\"\" src=\"https:\/\/danskirdagar.stykkisholmur.is\/wp-content\/uploads\/2021\/06\/Sugandisey.jpg\" style=\"object-position:46% 48%\" data-object-fit=\"cover\" data-object-position=\"46% 48%\" srcset=\"https:\/\/danskirdagar.stykkisholmur.is\/wp-content\/uploads\/2021\/06\/Sugandisey.jpg 1400w, https:\/\/danskirdagar.stykkisholmur.is\/wp-content\/uploads\/2021\/06\/Sugandisey-300x200.jpg 300w, https:\/\/danskirdagar.stykkisholmur.is\/wp-content\/uploads\/2021\/06\/Sugandisey-1024x682.jpg 1024w, https:\/\/danskirdagar.stykkisholmur.is\/wp-content\/uploads\/2021\/06\/Sugandisey-768x511.jpg 768w, https:\/\/danskirdagar.stykkisholmur.is\/wp-content\/uploads\/2021\/06\/Sugandisey-930x620.jpg 930w\" sizes=\"auto, (max-width: 1400px) 100vw, 1400px\" \/><div class=\"wp-block-cover__inner-container is-layout-flow wp-block-cover-is-layout-flow\">\n<h1 class=\"wp-block-heading has-text-align-center has-nv-text-dark-bg-color has-text-color\">Danskir dagar<br>30 \u00e1ra<\/h1>\n\n\n\n<p class=\"has-text-align-center has-nv-text-dark-bg-color has-text-color\" style=\"font-size:25px\">Afm\u00e6lish\u00e1t\u00ed\u00f0 15. &#8211; 18. \u00e1g\u00fast 2024<\/p>\n\n\n\n<p><\/p>\n<\/div><\/div>\n\n\n\n<div style=\"height:70px\" aria-hidden=\"true\" class=\"wp-block-spacer\"><\/div>\n\n\n\n<div class=\"wp-block-columns is-layout-flex wp-container-core-columns-is-layout-9d6595d7 wp-block-columns-is-layout-flex\"><\/div>\n","protected":false},"excerpt":{"rendered":"","protected":false},"author":3,"featured_media":471,"parent":0,"menu_order":0,"comment_status":"closed","ping_status":"closed","template":"","meta":{"neve_meta_sidebar":"default","neve_meta_container":"default","neve_meta_enable_content_width":"on","neve_meta_content_width":100,"neve_meta_title_alignment":"","neve_meta_author_avatar":"","neve_post_elements_order":"","neve_meta_disable_header":"","neve_meta_disable_footer":"","neve_meta_disable_title":"on","footnotes":""},"class_list":["post-305","page","type-page","status-publish","has-post-thumbnail","hentry"],"_links":{"self":[{"href":"https:\/\/danskirdagar.stykkisholmur.is\/index.php?rest_route=\/wp\/v2\/pages\/305","targetHints":{"allow":["GET"]}}],"collection":[{"href":"https:\/\/danskirdagar.stykkisholmur.is\/index.php?rest_route=\/wp\/v2\/pages"}],"about":[{"href":"https:\/\/danskirdagar.stykkisholmur.is\/index.php?rest_route=\/wp\/v2\/types\/page"}],"author":[{"embeddable":true,"href":"https:\/\/danskirdagar.stykkisholmur.is\/index.php?rest_route=\/wp\/v2\/users\/3"}],"replies":[{"embeddable":true,"href":"https:\/\/danskirdagar.stykkisholmur.is\/index.php?rest_route=%2Fwp%2Fv2%2Fcomments&post=305"}],"version-history":[{"count":37,"href":"https:\/\/danskirdagar.stykkisholmur.is\/index.php?rest_route=\/wp\/v2\/pages\/305\/revisions"}],"predecessor-version":[{"id":466,"href":"https:\/\/danskirdagar.stykkisholmur.is\/index.php?rest_route=\/wp\/v2\/pages\/305\/revisions\/466"}],"wp:featuredmedia":[{"embeddable":true,"href":"https:\/\/danskirdagar.stykkisholmur.is\/index.php?rest_route=\/wp\/v2\/media\/471"}],"wp:attachment":[{"href":"https:\/\/danskirdagar.stykkisholmur.is\/index.php?rest_route=%2Fwp%2Fv2%2Fmedia&parent=305"}],"curies":[{"name":"wp","href":"https:\/\/api.w.org\/{rel}","templated":true}]}}